is 5948 - -5?
5953
In base 8, what is -134 - 5?
-141
In base 2, what is -1001100 + 10101100?
1100000
In base 13, what is 3 - -116?
119
In base 13, what is -1562 - 0?
-1562
In base 12, what is 2 - -8b6?
8b8
In base 16, what is -2d7 + 1?
-2d6
In base 4, what is 0 - 200?
-200
In base 15, what is c + -3d?
-31
In base 13, what is -3 + 122?
11c
In base 8, what is 0 + 217?
217
In base 13, what is -151cc - -2?
-151ca
In base 16, what is 4 + -13d?
-139
In base 12, what is 2 - a34?
-a32
In base 16, what is -53 - -22?
-31
In base 6, what is -3 - 1550?
-1553
In base 10, what is 5 - -374?
379
In base 3, what is -120 - -111102?
110212
In base 11, what is -1 + 1683?
1682
In base 6, what is -3 + 54?
51
In base 4, what is -21311 + 10?
-21301
In base 4, what is -12200 + 3?
-12131
In base 5, what is -303 + -11?
-314
In base 12, what is 80 + 8?
88
In base 16, what is -31 - -1e?
-13
In base 13, what is 3c - 3?
39
In base 5, what is 334 + 33?
422
In base 7, what is -3 - 1536?
-1542
In base 2, what is -101 - -1111101110?
1111101001
In base 16, what is -3a5 - b?
-3b0
In base 9, what is 5 + -63?
-57
In base 14, what is -8 - 65?
-6d
In base 12, what is -9 + -8?
-15
In base 7, what is 5 - 41?
-33
In base 2, what is -10 - -11001000?
11000110
In base 11, what is 0 + 131?
131
In base 2, what is 1000000 + 1?
1000001
In base 13, what is -2 - 7?
-9
In base 12, what is -728 + -1?
-729
In base 8, what is 201 + 4?
205
In base 11, what is -36 + a1?
66
In base 8, what is 425 + 36?
463
In base 13, what is -26 - -1?
-25
In base 13, what is 0 - -29ac?
29ac
In base 7, what is -4103 - 4?
-4110
In base 15, what is 1051 + 3?
1054
In base 9, what is -13611 - 4?
-13615
In base 9, what is 1183 - 3?
1180
In base 15, what is 58 + 2?
5a
In base 5, what is -2 + 232?
230
In base 2, what is 100110010110011 + 10?
100110010110101
In base 4, what is 13 + -10?
3
In base 4, what is -3 - 1332?
-2001
In base 10, what is -2 - -3?
1
In base 8, what is -175 - -5?
-170
In base 13, what is 26c + 0?
26c
In base 16, what is 2f5 + 5?
2fa
In base 13, what is -259 - 9?
-265
In base 3, what is -22 - -1?
-21
In base 10, what is -5 + -923?
-928
In base 13, what is 5 + -13c?
-137
In base 13, what is 14 - 151?
-13a
In base 14, what is -1da6 + -5?
-1dab
In base 15, what is b46 + 5?
b4b
In base 16, what is 20 + 3?
23
In base 6, what is -10103 + 1?
-10102
In base 13, what is 2 - 11b?
-119
In base 12, what is 1 - 790?
-78b
In base 3, what is 0 + 10011221?
10011221
In base 12, what is a54 - -1?
a55
In base 11, what is -4 - -1a?
16
In base 16, what is -6ed9 - 2?
-6edb
In base 4, what is -202 + -133?
-1001
In base 14, what is 3 + -1dbd?
-1dba
In base 14, what is 4b10 + 0?
4b10
In base 11, what is -5 - -875?
870
In base 14, what is -2 - -555?
553
In base 6, what is 5 + 32103?
32112
In base 16, what is 373e + 2?
3740
In base 6, what is -1124 - -4?
-1120
In base 14, what is -90b + -2?
-90d
In base 8, what is 14 - -1611?
1625
In base 14, what is -4 + -1471?
-1475
In base 6, what is -3 + 201?
154
In base 13, what is -4 - 99?
-a0
In base 13, what is 2 + -30?
-2b
In base 12, what is -ab5 + 5?
-ab0
In base 11, what is -8 - -14?
7
In base 6, what is -22 - -3?
-15
In base 6, what is 14 + -10?
4
In base 7, what is 24 - -332?
356
In base 7, what is 6 - 552?
-543
In base 10, what is -15 - 237?
-252
In base 2, what is 1011 + -11011?
-10000
In base 8, what is 535 - -13?
550
In base 11, what is -1a8 + -4?
-201
In base 11, what is -1949 + -1?
-194a
In base 3, what is -100122 + 2?
-100120
In base 4, what is 11 - -113001?
113012
In base 12, what is -259 - -7?
-252
In base 3, what is 22122 - 2?
22120
In base 9, what is 1536 + 0?
1536
In base 7, what is -204 - -236?
32
In base 7, what is 255 - 20?
235
In base 12, what is -640 + 9?
-633
In base 12, what is -14 + 11?
-3
In base 14, what is 321 + -5?
31a
In base 2, what is 10010011 + -10?
10010001
In base 10, what is 2 - -128?
130
In base 8, what is 0 + 160?
160
In base 10, what is 2231 + 5?
2236
In base 12, what is 20 - -30?
50
In base 8, what is 77 + 114?
213
In base 3, what is 12 + -121002?
-120220
In base 11, what is 5 + -711?
-707
In base 6, what is -344 - -14?
-330
In base 12, what is -429 + -2?
-42b
In base 16, what is -1e2 + -e?
-1f0
In base 10, what is -30 + 0?
-30
In base 8, what is -1 - -170?
167
In base 16, what is 23e - -2?
240
In base 5, what is 30 + 1110?
1140
In base 6, what is -131 + 0?
-131
In base 5, what is -1032 + 0?
-1032
In base 14, what is -1b - -68?
4b
In base 15, what is -4 - 43?
-47
In base 15, what is -4 + -27c?
-281
In base 8, what is -4 + -31?
-35
In base 4, what is 2 - 101?
-33
In base 12, what is 38a + 5?
393
In base 16, what is -13 - 13?
-26
In base 10, what is 5 + 249?
254
In base 4, what is -3 - -110?
101
In base 9, what is 745 - -6?
752
In base 9, what is -222 + 0?
-222
In base 5, what is 2 - 3120?
-3113
In base 14, what is 9 - 25?
-1a
In base 5, what is -3 + -240?
-243
In base 15, what is -5 - 1c?
-22
In base 15, what is -21e + -27?
-246
In base 11, what is -1 - 2562?
-2563
In base 7, what is -24 + 236?
212
In base 15, what is 3 + 40?
43
In base 9, what is -1 - -578?
577
In base 14, what is 3 - 2?
1
In base 16, what is 2ec + 4?
2f0
In base 3, what is 2121 - -1220?
11111
In base 9, what is 4 + -347?
-343
In base 16, what is -6 - 17?
-1d
In base 11, what is -3 + -5232?
-5235
In base 13, what is -27 + -4b?
-75
In base 2, what is 111101 + -1011000?
-11011
In base 4, what is 0 - 1000011?
-1000011
In base 4, what is 13 - -111?
130
In base 16, what is -7 + -a?
-11
In base 16, what is 7 + 6?
d
In base 5, what is 10 - -22344?
22404
In base 9, what is -71 + -1?
-72
In base 3, what is -1001110 + -10?
-1001120
In base 13, what is 3 - 2158?
-2155
In base 12, what is -3623 - 5?
-3628
In base 7, what is -6 + 6?
0
In base 15, what is dd - -1?
de
In base 13, what is 253 - 5?
24b
In base 14, what is -3 + -475?
-478
In base 7, what is 3 - 0?
3
In base 11, what is 150 + 73?
213
In base 5, what is 200 - -1?
201
In base 14, what is 1 - 9?
-8
In base 11, what is 1 + -3?
-2
In base 13, what is 3 - 41?
-3b
In base 7, what is 3 + 514?
520
In base 11, what is 8 + 1143?
1150
In base 15, what is 2a05 - 4?
2a01
In base 10, what is -1 - 0?
-1
In base 10, what is -14 + 8?
-6
In base 6, what is 3 + -32?
-25
In base 8, what is 1447 - -14?
1463
In base 10, what is -331 - -1?
-330
In base 6, what is -4 - 133?
-141
In base 16, what is 21 - 2?
1f
In base 2, what is -11 + -1011000?
-1011011
In base 7, what is 33 - -14?
50
In base 7, what is -15334 + -3?
-15340
In base 9, what is 166 - 4?
162
In base 8, what is -4 - 17?
-23
In base 10, what is -165 + 1?
-164
In base 13, what is a - 107?
-ca
In base 5, what is 2 - 1400?
-1343
In base 4, what is -10 + 13323?
13313
In base 7, what is 2423 + 11?
2434
In base 9, what is 43 - -8?
52
In base 15, what is -3e - -3?
-3b
In base 4, what is 32 - 1023?
-331
In base 2, what is -110 - 101000011?
-101001001
In base 15, what is 2 - 2559?
-2557
In base 4, what is -1 + -103?
-110
In base 3, what is 1112 + 0?
1112
In base 7, what is -5 + -351?
-356
In base 2, what is -11 - 10001000?
-10001011
In base 2, what is -10 - 110111001?
-110111011
In base 16, what is 3 - -10f?
112
In base 14, what is -57b - 3?
-580
In base 14, what is 2 - -60?
62
In base 8, what is 16 + -11?
5
In base 2, what is -1100001100 + 100?
-1100001000
In base 7, what is 2255 - 2?
2253
In base 13, what is 0 + -29?
-29
In base 11, what is -3 + -199?
-1a1
In base 2, what is 0 - -1001111101?
1001111101
In base 15, what is aa - b?
9e
In base 14, what is 1 - -195?
196
In base 10, what is 47 + -269?
-222
In base 8, what is 174 - -4?
200
In base 13, what is -6712 - 2?
-6714
In base 13, what is 265 + -11?
254
In base 3, what is 11212 - 210?
11002
In base 4, what is 0 + 231?
231
In base 15, what is -13 + -c?
-20
In base 9, what is -122 - -22?
-100
In base 2, what is 100110 + 1?
100111
In base 5, what is 10 + 202?
212
In base 15, what is 3 + -38?
-35
In base 5, what is -4100 + -3?
-4103
In base 8, what is 31 - -5?
36
In base 7, what is -410 - -32?
-345
In base 6, what is 4405 - 2?
4403
In base 9, what is -807 - 0?
-807
In base 3, what is -2 - 2110101?
-2110110
In base 3, what is 1020 + -1102?
-12
In base 4, what is -3023312 + -11?
-3023323
In base 7, what is -5 + 5016?
5011
In base 9, what is 22832 + 3?
22835
I